(-4)/(-16*2)). Let v(b) = -2*b**2 + 13*b - 6. Determine v(x).
9
Let q = -661 + 670. Let y be (q/(-4))/((-5)/20). Let b(j) = j**3 - 10*j**2 + 8*j + 6. Give b(y).
-3
Let p(z) = -z**2 - 10*z - 13. Let s be p(-8). Let y(j) = -6*j**2 - 13 - 267*j**3 - 12*j + 266*j**s + 11*j. Determine y(-6).
-7
Let q(h) = 57*h - 14. Let w be q(3). Let j(k) = -k**2 + 74*k - 1 + 80*k - w*k. Suppose 4*c = -u + 2, c + 0*c - 1 = 0. Give j(u).
1
Let q = 584 - -94. Let f = q - 680. Let k(p) = 7*p**2 + 2*p + 1. Calculate k(f).
25
Let x(m) be the first derivative of -m**3/3 + m**2 - 8*m - 3. Let n be x(-6). Let p = n + 51. Let d(j) = -j**3 - 6*j**2 - 5*j + 2. Give d(p).
2
Let y(k) = k**2 + 5*k**3 - 16 + 19 - 6*k**2 - k. Let a(h) = 11*h**3 - 12*h**2 - 2*h + 7. Let j(v) = 2*a(v) - 5*y(v). Give j(1).
-2
Let m(y) = 4*y - 2. Let n = -33 - -31. Let x be n/(-7) + 38/14. Determine m(x).
10
Let f(s) = 3*s + 35. Let v be -10*25/(2625/126). What is f(v)?
-1
Let z(q) = -q**2 + 8*q - 7. Let u(h) = -h**2 + h - 1. Let p(t) = -4*t**2 - 5*t - 1. Let y(d) = -2*p(d) + 4*u(d). Let j be y(-4). Give z(j).
5
Let k be -80*(15/6 + -1). Let h = k + 117. Let s(d) = -d + 2. What is s(h)?
5
Let q(a) = -2*a**3 - 15*a**2 + 12. Let i(r) = -3*r**3 - 23*r**2 + 18. Let f(w) = -5*i(w) + 8*q(w). Let y = -3879 - -3875. Give f(y).
-10
Let z(m) = 34*m - 15. Let w(a) = 72*a - 31. Let v(g) = 8*w(g) - 17*z(g). Let n(j) = -j**3 - 4*j**2 + 7*j. Let y be n(-5). Let t be 3*(y/(-3))/2. Give v(t).
-3
Let t(n) = -5*n + 40. Let r(i) = 5*i - 40. Let l(h) = 3*r(h) + 4*t(h). Give l(11).
-15
Let o(w) = -323 + 10*w + 376 - 38. Calculate o(3).
45
Let f(z) = -5*z**2 + 20*z. Let d(x) = -21*x**2 + 69*x - 11. Let w(v) = -d(v) + 4*f(v). Suppose -12 = -3*s, -2*j = -5*j + s - 37. Give w(j).
11
Let m(q) = -q**2 - 39*q + 272. Suppose 289*k = 196*k - 4185. Determine m(k).
2
Let j(q) = q**3 + 7*q**2 + 5*q + 20. Let s be j(-6). Let r = -24 + s. Let k(x) = -7 + 15 + 4*x + 8*x**2 + x**3 - r*x + 3. Calculate k(-8).
-5
Let u(t) = -1408 + t + 695 + 707. Calculate u(-17).
-23
Let m(g) be the second derivative of g**5/20 + g**4/2 - 7*g**3/6 + 2*g**2 + 6*g. Let l be (-25 - -11)*3*(-6)/(-36). Determine m(l).
4
Let x(m) = m + 0*m + 0*m + 5. Suppose 5*c + 677 = -4*o - 342, -o + 4 = 0. Let z = 197 + c. What is x(z)?
-5
Let s(h) = 2*h**3 + 13*h**2 + 3*h - 5. Let j(p) = -3*p**3 - 32*p**2 - 7*p + 12. Let d(w) = -2*j(w) - 5*s(w). Suppose 4*i + 1 - 5 = 0. Determine d(i).
-5
Let g(p) be the first derivative of -4*p**3/3 + 6*p - 1648. What is g(-3)?
-30
Let u(t) = -5*t**3. Let x(w) = -12649 + 12649 + 6*w**3 - w**2. Let j(d) = 7*u(d) + 6*x(d). Calculate j(5).
-25
Let k(y) = 23*y + 1. Let c(r) = -r**2 - 32*r - 209. Let q be c(-9). Determine k(q).
-45
Suppose -7 = 3*k - 1, 5*l + 2*k = -44. Let t be 2*(-7)/21 + l/(-3). Let m(h) = 0*h + 2 - 2*h - h**t - 9. Determine m(-5).
-22
Suppose 2*q + 3*m - 444 = 0, 3*q - q + 2*m = 444. Let u = q + -215. Let d(j) = 0*j + 8*j**2 - j - 5 - j**3 - 7*j. What is d(u)?
-12
Let s(b) = b**3 - 504*b - 485*b + 8*b**2 + 995*b. Let f(l) = l**3 - 8*l**2 + 8*l. Let o be f(7). Suppose 0 = -i - z - 3, 5*z - 41 = -4*i + o*i. Determine s(i).
7
Let i be 1 + (-6 + 4/1)/2. Let n(m) = 4*m + m**3 + i*m**3 + 8*m**2 - 6741 + 6739. Determine n(-7).
19
Let l(y) = -469 + 12*y + 2*y + 664 + 2*y. What is l(-12)?
3
Let i(c) be the second derivative of 5/2*c**3 + 0 + 0*c**2 - 1/120*c**5 - 13*c - 3/8*c**4. Let n(y) be the second derivative of i(y). Give n(-6).
-3
Let w(g) = g**3 - 8*g**2 - 4*g + 14. Let k = -5826 - -5834. Calculate w(k).
-18
Let n(l) be the second derivative of -1 + 2/3*l**3 + 5/12*l**4 + 52*l - 1/20*l**5 + 3*l**2. Determine n(6).
-6
Let r(k) = 86*k + 82. Let w be r(-1). Let f(t) = -t**3 - 6*t**2 - 2*t + 11. Calculate f(w).
-13
Let f(c) = -c**2 - 3*c - 1. Suppose -97 + 88 = -3*m. Suppose -4*b - 6 = -5*o, m*o + 1 = 3*b + 7. What is f(o)?
1
Let m(h) = h - 15. Let j(t) = -t**3 + 37*t**2 - 72*t + 75. Let l be (-2 - -32) + (-5)/(-1). Let y be j(l). Give m(y).
-10
Let f(k) = -4*k**2 - 6*k + 75. Let t(l) = -l**2 - 2*l + 22. Let p(o) = -2*f(o) + 7*t(o). Calculate p(0).
4
Let m(z) = -3*z**2 - 51*z - 217. Let y = -278 - -269. Determine m(y).
-1
Let v be 1 - (-14)/(-4)*(-40)/(-35). Let w be ((-54)/(-6))/v - 2. Let h(y) = y**3 + 5*y**2 - 2*y. Calculate h(w).
10
Let y(a) = -a**3 - 7*a**2 - 6*a - 5. Suppose 3*d - 24 = -p, -p - 8 = -d - 5*p. Suppose -4 = -2*s - 12. Let j be (-2)/s*d - 10. Calculate y(j).
-5
Let x(s) be the second derivative of s**3/6 + 3*s**2 + 7*s + 2. Let u = 103 - 112. Calculate x(u).
-3
Let x(u) = -110*u - 99*u + u**2 - 16 + 201*u. Suppose 2*c + 28 = 5*d - 21, -3*d = 5*c - 17. Calculate x(d).
-7
Suppose -z = -4*d + 3*z + 52, -27 = -4*d - z. Let t(h) be the third derivative of -h**4/8 - h**3/6 + 2*h**2 - 443. Calculate t(d).
-25
Let u(s) = -7*s**2 + 14*s - 10. Let f(i) = 6*i**2 - 13*i + 10. Let w(o) = -6*f(o) - 5*u(o). Calculate w(8).
-10
Suppose z - 156*z + 1085 = 0. Let v(h) = h**2 - 12*h - 4. Calculate v(z).
-39
Let k(b) = -11 - 10 - 17 - 425*b + 434*b. Let w be k(4). Let m(n) = -n**2 - 1. Give m(w).
-5
Let t(k) be the second derivative of 2/3*k**3 - 218*k + 1/12*k**4 + 2*k**2 + 0. Calculate t(-6).
16
Let i(m) = -6*m - 10. Let k be i(-2). Let g(x) = -156 + x + 157 - 19*x**2 + x + 4*x**k. Give g(-1).
-16
Let t = -751 - -274. Let k = t + 481. Let d(l) = 8*l - 6. Give d(k).
26
Let r(a) = a**2 - a - 1. Let i(t) = -5*t**2 - 2*t - 6. Let h(y) = i(y) + 6*r(y). Let g be 3/(-12*(-7)/252). What is h(g)?
-3
Let t(x) = -x**2 + 13*x + 12. Let h be t(18). Let s be h/24 + 2/8. Let n(i) = 1. Let y(m) = m**2 + m - 4. Let r(g) = -3*n(g) - y(g). Determine r(s).
-5
Let t(r) be the first derivative of r**6/360 - r**5/15 + r**4/12 - 5*r**3/3 - 7*r**2/2 - 31. Let d(l) be the third derivative of t(l). Determine d(4).
-14
Let p(l) = 19*l - 1. Suppose 86 = s + 79. Suppose s*q - 28 = -21. Give p(q).
18
Let k(u) be the second derivative of -1/6*u**3 + u**2 - 1/12*u**4 - 2*u + 0. Suppose -7 = -4*s + 5*y, 2*s - 1 = 5*y - 0. Determine k(s).
-10
Let h(w) = -9*w - 55 + 48 - 2*w**2 + 8 + w. What is h(-5)?
-9
Let v(h) = h**3 + 4*h**2 - 3*h + 4. Suppose 24*a - 1571 = -1643. What is v(a)?
22
Let k(m) = -14 - 13*m**2 + 2 + 5*m**3 + 22*m + 46*m - 24*m - 4*m**3. Calculate k(7).
2
Let w(v) = -2*v**3 - 3*v**2 + 4*v + 4. Let z(r) = -r**3 - 5*r**2 + 7*r + 6. Let u be z(-7). Suppose -u*b = -57*b - 6. Calculate w(b).
19
Let q(w) = -w - 4*w**3 - 7 + 2*w**2 + 7. Suppose 0 = 3*j - t + 3 - 9, 9 = 3*j - 2*t. Calculate q(j).
-3
Let t(h) = -5*h**3 - 20*h**2 + 11*h + 23. Let k(c) = 11*c**3 + 42*c**2 - 23*c - 46. Let s(w) = 6*k(w) + 13*t(w). Determine s(7).
9
Let n(i) = -i**2 + 2. Let y(b) = -b**2 + 7*b + 20. Let d be y(9). Suppose 4*k - 3*j - d*j = 27, 6 = k - j. Determine n(k).
-7
Let s = -46 - -42. Let d(l) = -l - 5. Determine d(s).
-1
Let x(r) = -3*r**2 - 9*r + 6. Let q(p) = -p**2 - 4*p + 1. Let m(a) = 2*q(a) - x(a). Determine m(-8).
52
Let l(t) = -t**3 + 5*t**2 + 2*t + 3. Let f(n) = 3*n**3 - 10*n**2 - 4*n - 7. Let j(y) = -2*f(y) - 5*l(y). Suppose 3*o = 5*q + 20 - 3, 5*o + 9 = -q. Give j(q).
-9
Let k(p) be the first derivative of -p**2/2 + 34*p + 385. Determine k(38).
-4
Suppose 0 = 3*m - 3*h - 42, 3*m + 510*h - 512*h - 40 = 0. Let c(b) = b**2 - b - 128. Calculate c(m).
4
Let l(g) = 77*g - 2163. Let c be l(28). Let j(x) = -17*x - 39. What is j(c)?
80
Let t(w) = w**3 + 22*w**2 + 18*w - 13. Let q be t(-21). Suppose -66 = -4*l + q. Let k = 30 - l. Let n(p) = -9*p + 1. Calculate n(k).
-8
Suppose -4*h + 0*q + 34 = -5*q, 0 = 2*h + 5*q - 2. Suppose -2*o = h - 14. Suppose -4*w + 0*p - 16 = p, -o*w + 5*p = 40. Let x(n) = n**2 + 7*n + 6. What is x(w)?
-4
Suppose 2*a - 28 = 2. Let q be 2 + (-204)/a - (-4)/(-10). Let l = 6 + q. Let c(f) = -f - 14. Calculate c(l).
-8
Let q(k) = 16*k**3 - k**2 - 2*k. Suppose -4*d - 21 + 25 = 4*o, 0 = -4*d - 5*o + 7. Give q(d).
-128
Let l(k) = k + 5. Let c be -4 - 1*(-4)/2 - (76 - 80). Let p(d) = 0*d**3 - d**3 + 3 + 1. Let g be p(c). Determine l(g).
1
Let o(i) = -i**3 + 14*i**2 + 4*i - 22. Suppose -43 = -7*b + 30 + 25. Give o(b).
34
Let g(m) be the second derivative of m**5/10 - m**4/12 + m**3/6 + 7*m**2/2 + 4*m. Suppose 117*q = 42*q - 75*q - 8*q. What is g(q)?
7
Let n(f) = 9 - 1830*f**2 + 2*f**3 + 911*f**2 + 2*f + 910*f**2. Suppose 0 = 11*l - 65 + 21. Give n(